e factors of 1140/8*5/((-45)/(-6)).
5, 19
Suppose 0 = m - 5*m. List the prime factors of 6 + m - 1/1.
5
Let i(g) = -g**2 + 10*g - 13. Let o be i(9). Let l(h) = 2*h**2 - 3*h - 5. List the prime factors of l(o).
3, 13
Suppose -4*n = -23 - 81. List the prime factors of n.
2, 13
Suppose 14*v - 13*v - 46 = 0. What are the prime factors of v?
2, 23
Suppose 3*w + 13 = -2*p + 3*p, 5*p + w = 49. List the prime factors of p.
2, 5
Let k(c) be the first derivative of c**2/2 + 4*c + 2. Suppose -2*p + 4*q + 5 = -11, 5*q = -2*p + 7. List the prime factors of k(p).
2, 5
Let q = 8 - 24. Let w = q + 49. What are the prime factors of w?
3, 11
List the prime factors of (-21)/(-2)*(-4)/(-3).
2, 7
Suppose 3*p = -p + 72. List the prime factors of p.
2, 3
Suppose -17*m = 850 - 2244. What are the prime factors of m?
2, 41
Let k(u) = -2*u**3 - 6*u**2 - 2*u + 5. Let a(j) = -j**3 - j**2 + 1. Let z(r) = 3*a(r) - k(r). What are the prime factors of z(3)?
2
Suppose 4*k + 2*s = -k, 0 = -5*k + 3*s + 25. What are the prime factors of 11 + -12 - (-82)/k?
2, 5
Let o(j) = j**2 + 2*j - 18. What are the prime factors of o(9)?
3
Suppose -2*g + 0*g - 3*b + 13 = 0, -g + 2 = -3*b. Suppose -g*r = 25, -r + 6 = 3*s - 52. Suppose -4*c = -s - 23. List the prime factors of c.
11
Suppose 0 = -3*c + 6, -4*c - 52 - 13 = -t. What are the prime factors of t?
73
Let z(w) = w**3 + 9*w**2 + 8*w + 2. Let t be z(-8). Suppose 0 = -t*b + 3*f + f + 14, -3*b = -4*f - 19. List the prime factors of 60/b*(1 - 0).
2, 3
List the prime factors of (-2700)/(-33) - 1/((-33)/6).
2, 41
Suppose 2*k = -12*s + 10*s + 228, 3*s = 5*k + 310. What are the prime factors of s?
2, 5, 11
Suppose -i = i - 20. Let s = i - -14. What are the prime factors of s?
2, 3
List the prime factors of (2 + 35)/(2/4).
2, 37
Let c(o) = 7*o + 25. What are the prime factors of c(8)?
3
Let q(u) = 6*u**2 + 5*u - 7. Let l(w) = 4*w**2 + 3*w - 5. Let p(x) = -7*l(x) + 5*q(x). List the prime factors of p(-3).
2, 3
List the prime factors of (-24)/(-64) + 570/16.
2, 3
What are the prime factors of (170/30)/(1/3)?
17
Let w = 64 + -26. What are the prime factors of w?
2, 19
List the prime factors of 2445/75 + 3/(-5).
2
Let b = -16 - -51. List the prime factors of b.
5, 7
Let m(k) = k**3 + 5*k**2 - 8*k - 7. Let d(u) = -u**3 + 3*u**2 - 2*u. Let q be d(3). Let z be m(q). Suppose -z*r + 18 = 3. List the prime factors of r.
3
Suppose -2*q + 4*q = -2*p + 124, 5*p - 312 = -4*q. Suppose 0 = -3*n + p + 47. What are the prime factors of n?
37
Let r be (-104)/(-32)*1*4. Let z = 13 + r. What are the prime factors of z?
2, 13
Let d(g) = 5*g**3 + 3*g**2 - 4*g. List the prime factors of d(3).
2, 3, 5
Suppose -31 - 24 = -5*g. Let a = 25 - g. List the prime factors of a.
2, 7
Let p(i) = -i**3 + 4*i**2 - 2*i + 1. Let j be p(3). Suppose 3*x + 2 - 93 = -5*g, 2*g - j*x - 26 = 0. Let h = g - 8. What are the prime factors of h?
3
Let r = 20 + -13. Suppose 0 = 3*i - 8 - r. Suppose i*d - 8 = 37. List the prime factors of d.
3
Let z(x) = x**2 - 2*x + 325. List the prime factors of z(0).
5, 13
Suppose -3*a = -5*b + 209, 4*b - 3*a - 168 = -2. What are the prime factors of b?
43
Let l = 17 - -18. What are the prime factors of l?
5, 7
Suppose -3*v = -2 - 10, 3*v + 145 = o. List the prime factors of o.
157
Suppose -104 = -4*h - 2*m, 132 - 45 = 3*h - 3*m. List the prime factors of h.
3
Let s be (-8)/(-3) - (-3)/9. Suppose s*l + 5*a - 2*a = 132, a = 2*l - 91. What are the prime factors of 1/1 + l/5?
2, 5
Let x(b) = b**2 + 5*b - 4. Let i be x(-6). Suppose 4 - i = 2*n + 5*d, 4*d - 10 = -3*n. What are the prime factors of n?
2, 3
Let k(g) = g**2 + 2*g - 1. Let s be k(1). Suppose -5*v - 2*y = 50, y - s - 1 = v. Let l = -5 - v. List the prime factors of l.
3
Suppose 0 = -0*h + 5*h - 65. List the prime factors of h.
13
Suppose -5*h = -5*x - 170, 3*h + 5*x = h + 47. What are the prime factors of h?
31
Suppose -j + 22 = -19. List the prime factors of j.
41
Let f(s) be the second derivative of -s**5/20 + s**4/12 + s**3/6 + s**2 - 2*s. Let y be f(2). Let c(v) = -v + 10. What are the prime factors of c(y)?
2, 5
Suppose 78 - 18 = -5*v. List the prime factors of (-64)/v*(-18)/(-8).
2, 3
Suppose 0 = 5*h - 15. Suppose 134 = -h*m + 53. What are the prime factors of 40/18 + 6/m?
2
Let d(c) = c**3 - 2*c**2 + c - 2. Suppose 2*t + 5*p + 1 = 0, -3*p - 1 = 2*t - t. Let v be d(t). Suppose v = -3*o + 50 + 4. What are the prime factors of o?
2, 3
Suppose -3*h - h + 80 = 0. Suppose -h = -p - 2. What are the prime factors of p?
2, 3
Let o = -2 + 7. Suppose 1 + 14 = o*z. Suppose -2*m - z - 3 = 5*j, -3*m - 5*j = -1. List the prime factors of m.
7
Suppose 0 = 4*c + 2 + 2. Let g(u) = -14*u**3 - u - 1. Let h be g(c). Let t = h - 8. List the prime factors of t.
2, 3
Suppose 2*d = -4*j + 188, 0 = -j - j - 8. List the prime factors of d.
2, 3, 17
What are the prime factors of 2654/14 + 12/28?
2, 5, 19
What are the prime factors of (3/6)/(6/1236)?
103
Suppose 2*m + 137 = 3*x, 5*x + 0*m - 4*m - 231 = 0. Suppose 3*z - x = -5*a, 2*z + z - 5*a = -7. Suppose -j - 40 = -z*j. List the prime factors of j.
2
Let u(n) = -2*n**3 - n + 2*n**3 - n**2 + 2*n**2 - n**3 + 13. What are the prime factors of u(0)?
13
Suppose 2*k - 7 = -1. Suppose -16 - 32 = -k*a. List the prime factors of a.
2
Suppose 3*o - 4 - 2 = 0. Suppose 3*w + o*n = 12, n - 1 = 2. Suppose -5*f + 0*d + 50 = 4*d, 4*d - 20 = -w*f. What are the prime factors of f?
2, 5
Let a(o) = -o**2 + 6*o - 1. Let m be a(3). Suppose -m*h = g - 4*h + 18, 3*h + 7 = -4*g. What are the prime factors of g?
2
Suppose -d = -2*d + 85. Let b = d + -34. Suppose a + 2*a - b = 0. What are the prime factors of a?
17
Let h(s) = -s**2 - 8*s + 7. Let f(g) = -g - 3. Let t be f(-8). Suppose -y - 3 = -2*y, t*r + 43 = y. What are the prime factors of h(r)?
7
Suppose -5*w + 3*w = 0. Suppose 0 = 3*a - w*a - 69. Suppose -5*j + a = -57. List the prime factors of j.
2
List the prime factors of 0 - 0 - -3 - -53.
2, 7
Let m be 12/(-10)*(-5)/2. Suppose 0 = r - a - 6, -2 = r - 2*r - m*a. List the prime factors of r.
5
Let j be (-4)/(1*-4 + 3). Suppose c - j - 6 = 0. List the prime factors of c.
2, 5
Let c = 4 + -5. Let l be (1*1/(-1))/c. What are the prime factors of -6 + 5 - (l - 14)?
2, 3
Suppose 5*h = 5 + 5. Suppose -d + 6*v = h*v - 19, -4*d = 2*v - 166. List the prime factors of d.
3, 13
Let r(d) = -3*d + 1. Let g be r(-1). Suppose 0 = g*j, -4*c + 32 = 5*j - 32. What are the prime factors of c?
2
Let u(t) = -t**3 + 5*t**2 + 8*t - 8. Suppose -18 = -2*n - 6. Let a be u(n). List the prime factors of 105/6*a/5.
2, 7
Let j = -17 + 9. Let d(n) = -7*n**2 + 5 - 8*n + 0 + 6*n**2. List the prime factors of d(j).
5
Suppose 3*i - i = 10. Suppose -2*k + 63 = i. List the prime factors of k.
29
Let d(u) = 65*u**3 - u**2. Let p be d(1). Let l = 94 - p. Suppose k - 5*b = 16, 3*k + 2*b = l + 1. What are the prime factors of k?
11
Suppose 2*j + 2*j - 26 = -2*b, 4*j = 3*b + 21. Suppose -y + 7 = -j. Let o = 20 - y. List the prime factors of o.
7
Let m(n) = n**2 - 17*n + 24. Let h be m(16). Suppose -h = 3*a - 83. List the prime factors of a.
5
Let w(m) = 9*m**2 + m + 3. Let o(s) be the second derivative of -5*s**4/12 - s**2 + s. Let u(r) = -7*o(r) - 4*w(r). What are the prime factors of u(-4)?
2
Let g(u) = -10*u + 5. Let z be g(-4). Suppose -z = -4*h - 13. List the prime factors of h.
2
Let n(i) = 4*i - 2. Let t = -1 - -3. Let z be n(t). Let s = 8 - z. What are the prime factors of s?
2
Let r(u) be the second derivative of u**4/12 - u**3/6 - u**2/2 - 8*u. What are the prime factors of r(-2)?
5
Suppose 206 = 3*x + 77. What are the prime factors of x?
43
Let p = -2 - -5. Suppose -d + 6*d - p*h - 127 = 0, -2*d + h + 50 = 0. List the prime factors of d.
23
Suppose 116 + 46 = -2*b. List the prime factors of b/(-6) + 2/4.
2, 7
Suppose -5*f + 3*j + 350 = 0, f + 3*f - 280 = -4*j. Suppose 4*b + o = 36, 0*o - f = -5*b + 5*o. List the prime factors of b.
2, 5
Let t be 4/6 - (-10)/(-6). Let l be 2 - t*9/3. Suppose -a - 5 - 9 = -3*y, -l*a = -y - 14. List the prime factors of y.
2, 3
Suppose -5*y = -3*y. Suppose 2*o + 2*o - 84 = y. Let g = o - 14. List the prime factors of g.
7
Let o(w) = 8*w + 38. List the prime factors of o(12).
2, 67
Suppose -5*o + 2*z = -238, 2*z + 3*z + 20 = 0. What are the prime factors of o?
2, 23
Suppose 2*q + 0 - 2 = 